(b) be the first derivative of -9*b**2/2 + 5. What is the units digit of i(-2)?
8
Suppose 2*a + 12 - 52 = 0. What is the units digit of a?
0
Let m(t) = t**3 - 7*t**2 + t + 3. Let j(k) = k**2 - k. Let h(l) = -3*j(l) + m(l). What is the units digit of h(10)?
3
Let f(t) = -3*t + 4 - 5 + 2 + 4. What is the units digit of f(-5)?
0
Let v(m) = m**3 - 4*m**2 - 6*m + 2. Let l be v(5). What is the units digit of ((-4)/(-2) + l)*-14?
4
Let u be (3 + -3)/2*-1. Suppose -r = -u*r - 9. What is the units digit of r?
9
Suppose -3*u = g, -6 = -4*g + g - 3*u. Let o = g - -22. What is the tens digit of o?
2
Let f(o) be the third derivative of -o**4/12 - o**3/2 - 4*o**2. What is the units digit of f(-6)?
9
Let k(s) = s**3 + 6*s**2 + 4*s + 6. Suppose 20 = 5*z - 0*z. Suppose -3*r = 4*v + 11, -6*v = -2*v - z*r + 32. What is the units digit of k(v)?
1
Suppose 3*r - 5*h = 505, -150 - 705 = -5*r - 5*h. Suppose a - r = -4*a. What is the tens digit of a?
3
Let d = 22 - 10. Let b(n) = -n**2 - 7*n + 1. Let f be b(-8). Let r = d + f. What is the units digit of r?
5
Let t = -46 + 115. What is the tens digit of t?
6
Let n(d) = -13*d - 3. What is the tens digit of n(-3)?
3
Suppose -4*j = 12, 0*m - 2*m = -3*j - 69. Let f(c) = 4*c + 6. Let k be f(9). Let i = k - m. What is the units digit of i?
2
Suppose 11 = 3*n + 2. Suppose n*g - 40 = -g. Let q = g - 4. What is the units digit of q?
6
Let t(z) = 3*z**2 - 6*z - 11. What is the units digit of t(7)?
4
Suppose 4*z + 0*b + 2*b = -2, -1 = -4*z - b. What is the units digit of z?
1
Suppose -3*n + 9*n = 78. What is the tens digit of n?
1
Let u(k) = 32*k**2 + 9*k + 2. What is the units digit of u(-3)?
3
Suppose 6*a - 2*s = 3*a + 10, -a = -5*s + 14. Suppose m = 4*m + 12, d - m = a. What is the units digit of d?
2
What is the tens digit of (-291)/(-6) + (-3)/6?
4
Let o = 13 + -11. Let h be (0 - -1) + -2 + 36. Suppose o*v - h = -3*v. What is the units digit of v?
7
Let m = -125 - -186. What is the tens digit of m?
6
Suppose -4*g + 26 = 5*y, -2*y = y - 6. Suppose 2*f - 3 = -5*h + g, 20 = -5*f. What is the units digit of h?
3
Suppose 0 = -4*b + 20, -b + 0 = -u + 153. What is the units digit of u?
8
Suppose -4*q + 317 = -99. Suppose 5*p + 2*s - q = 176, -2*s = 3*p - 168. What is the tens digit of p?
5
Let s be 1*(-31)/2*-2. Suppose 3*t = 11 + s. Suppose -35 + t = -3*a. What is the units digit of a?
7
Let m(f) = f**3 + 7*f**2 + 7*f + 1. What is the tens digit of m(-5)?
1
Suppose 4*p + 3*n - 445 = -0*n, n = -2*p + 225. What is the units digit of p?
5
What is the tens digit of -1 + 207/5 + (-9)/(-15)?
4
Let p = -52 - -73. What is the units digit of p?
1
Suppose 0 = 2*w - 5*f + 9, -3*w = -0*f + 3*f - 18. Let o = -4 + w. What is the units digit of (2/(-3))/(o/12)?
8
Suppose i + 3*l + 10 = 0, 2*l = 3*i - 28 + 3. Suppose 0 = u + c - i, 4*c = 3*c + 1. Suppose -u*q + 51 = -1. What is the units digit of q?
3
Suppose -3*n - 40 = -256. What is the tens digit of n?
7
Let r be (-9)/(1 - (-2)/4). Let y = 18 - r. What is the tens digit of y?
2
Let v be 25/2*(7 - -1). Suppose -y - v = -6*y. What is the units digit of y?
0
Suppose -v = v - 10. Suppose -2*b = -v*b - 9. Let j = b - -10. What is the units digit of j?
7
Let p = -32 - 2. Let l = -11 - p. What is the tens digit of l?
2
Suppose 0 = -2*o, 3*f + 0*o = 5*o + 9. Suppose f = 5*t - 2. Suppose -5*w - t + 13 = -x, 2*w + x - 2 = 0. What is the units digit of w?
2
Let a(z) = -z**3 - 2*z**2 + 2*z - 1. Let f be a(-3). Suppose s = t + 1, f*s - t = 4*t - 7. What is the units digit of s?
4
Suppose -5*w + 225 = 70. Let q = -7 + w. What is the units digit of q?
4
Let h(w) be the first derivative of w**4/4 + 4*w**3/3 - w**2 - 5*w + 1. Suppose -u - 4*u - 23 = 3*r, -4*u - 5*r - 21 = 0. What is the units digit of h(u)?
3
Let j be ((-3)/(-3))/(-2 + 3). Let s = j - -5. Suppose -t + 4 = -s. What is the tens digit of t?
1
Suppose 0 = -5*x - 2*d + 3*d + 440, -2*x + 188 = 2*d. Let b = -42 + x. What is the tens digit of b?
4
Let q(s) = -s**3 + s**2 - 4. Let g be q(-3). Let k = 24 + g. What is the units digit of k?
6
What is the units digit of (-2380)/(-60) + 1/3?
0
What is the tens digit of 897/27 + 4/(-18)?
3
Suppose 14*f = 5*f + 405. What is the tens digit of f?
4
Suppose -3*k = 2*p, -p - 5*k = -0*k. Suppose -6*y + 4*y + 28 = p. What is the tens digit of y?
1
Let u = -4 - -4. Suppose 3*r = -6*j + 3*j + 39, r - 3 = u. What is the units digit of j?
0
Let n(k) = -k - 8. Let h be n(-8). Let d = h + -14. Let y = 30 + d. What is the tens digit of y?
1
Let c(k) = -10*k**3 + 18*k**2 - 11*k - 21. Let j(t) = 3*t**3 - 6*t**2 + 4*t + 7. Let m(n) = 2*c(n) + 7*j(n). What is the tens digit of m(5)?
1
Let h(t) = -t**2 - 5*t + 20. What is the units digit of h(-7)?
6
What is the tens digit of 20 + (2 - 0/(-1))?
2
Suppose 0 = 4*k - 125 - 115. What is the units digit of k?
0
Let i(g) = -g**3 + 5*g**2 + 7*g - 4. Let a be i(6). Let b = -36 - -58. What is the tens digit of (3 - 2)/(a/b)?
1
Suppose -10 = -4*z + 2. Suppose 4*k = -z*a + 31, -k - 3*k - 41 = -5*a. What is the units digit of a?
9
Let g = 54 + -8. What is the tens digit of g?
4
Let t = -1 - -3. Let d(p) = 2*p + 3*p**2 - p - t*p**2. What is the units digit of d(-3)?
6
Suppose -4*u + 123 = -21. Suppose 0 = 3*r - 3*g - u, g - 6*g - 18 = -2*r. What is the units digit of r?
4
Suppose -25 = -2*n - 3*n. Suppose u = n + 2. What is the units digit of u?
7
Let m = -12 - -40. What is the units digit of m?
8
Let o(l) = l**3 + 4*l**2 - 5*l + 7. What is the units digit of o(-5)?
7
Suppose -4*q = -4 - 48. What is the units digit of q?
3
Let s(g) = -g**3 - 9*g**2 - 9*g - 1. Let i be s(-8). Let k = 14 - i. Suppose -k*x - 16 = -3*x, -4 = y + 2*x. What is the units digit of y?
4
Suppose -124 = 2*w - 6*w. Suppose 7 = 2*d + w. What is the units digit of d/(-20) - (-2)/5?
1
Suppose 7*n - 581 = 532. What is the units digit of n?
9
Let j = 20 + -11. Suppose p - 4*p + j = 0. What is the units digit of (p - -1)*9/12?
3
Let r(s) = -s**3 - 7*s**2 + 1. Let z be r(-7). Suppose -46 = -5*y - z. What is the units digit of y?
9
Let h = 16 + -10. Suppose 0 = 5*y - 5, 5*b + 2*y - y - h = 0. What is the units digit of b?
1
Let w = -7 + 13. Let z be (-2)/(-4) - (-29)/2. Suppose z = w*h - 3*h. What is the units digit of h?
5
Suppose 2*m - 3*d - 3 = -6, 5*m + 20 = -5*d. Let a be -8 + 1/(m/6). Let u = a - -14. What is the units digit of u?
4
Let i(n) = 21*n + 5. What is the units digit of i(4)?
9
Let z = 6 - 1. Suppose -9 = -2*h + z*h. What is the units digit of h/(9/(-6)) + -1?
1
Suppose 2 = k + o - 0*o, k - 3*o - 14 = 0. Let y be (1 + k/(-3))*-6. Suppose 10 = 5*d + y*q, -6*q = -5*d - q + 55. What is the units digit of d?
6
Let u be (-27)/9 - -1*3. Suppose -6*o + 2*o + 145 = -5*y, u = 5*o - 3*y - 178. What is the units digit of o?
5
Let u(c) = -c**3 + c. Let n be u(1). Suppose 2 + n = p. Suppose -4*w = -k - p*w - 6, -3*k - 8 = -4*w. What is the units digit of k?
4
Let b(t) = -t**2 + 22*t - 10. What is the units digit of b(8)?
2
Let b = -74 + 285. What is the units digit of b?
1
Suppose -2*r - 2 = -c + 2*r, c = 5*r + 3. What is the units digit of (3 + c)/((-1)/(-23))?
3
Let q = 371 + -185. What is the hundreds digit of q?
1
Let p(t) be the first derivative of 2*t**3/3 + t + 2. Let q(r) = r**2 - 3*r - 2. Let a be q(3). What is the units digit of p(a)?
9
Suppose -8 = -6*s + 2*s. Suppose 10 = -0*h - 2*h, s*o + 2*h = 0. What is the units digit of o?
5
Let p(n) = n. Let m be p(5). Suppose 0 = m*h + 3 + 2. Let d(u) = -13*u**3 + u**2 + u + 1. What is the tens digit of d(h)?
1
Suppose 0 = -4*p + 390 - 102. What is the tens digit of p?
7
Suppose -3*l = 5*d - 8*l - 360, 0 = 4*d + 3*l - 253. What is the tens digit of d?
6
Suppose -u + 2*u = z + 8, -5*u = -3*z - 34. Let m = u - 3. What is the units digit of m/(3/(-2) - -2)?
4
Let l = 24 + 27. What is the units digit of l?
1
Let y = -8 - -10. Suppose -12 = -y*w - w. What is the units digit of (25/10)/(1/w)?
0
Let o(s) = -s**3 - 5*s**2 + 6*s. Let u(h) = 2*h**3 + 10*h**2 - 11*h - 1. Let i(p) = 5*o(p) + 3*u(p). Let k = -5 - 0. What is the units digit of i(k)?
2
Let b(r) = -r - 4. Let l(p) = 2*p + 8. Let w(y) = 11*b(y) + 6*l(y). What is the units digit of w(0)?
4
Let x(o) = o**3 - 6*o**2 + 6*o - 3. What is the tens digit of x(6)?
3
Suppose -26 = -s + 7. What is the tens digit of s?
3
Let c(k